0. Determine c(k).
-17
Suppose 5*a + v - 44 + 4 = 0, 4*v = 20. Let d(w) be the second derivative of 1/6*w**3 + 0 - 20*w - 4*w**2. Give d(a).
-1
Let y(z) = -z**2 - 5*z - 1. Suppose -2*g = -2*i + 28, -2*g = -i + g + 20. Suppose i*r = 7*r - 20. Let a be ((-4)/r)/((-2)/5). What is y(a)?
5
Let m(v) = v**2 + 5*v + 5. Let o be (6/4)/((-45)/60). Let g be o/(-8) + 33/12. Let x be (-10)/(-15) - 20/g. Determine m(x).
11
Let f(l) be the second derivative of 5*l - 1/6*l**4 - 1/720*l**6 + 0*l**3 + 0 + 0*l**2 + 1/40*l**5. Let d(a) be the third derivative of f(a). Determine d(4).
-1
Let w(a) be the second derivative of a**4/12 - 7*a**3/6 - 5*a**2/2 + 2*a - 1. Calculate w(5).
-15
Let h(p) = p + 12. Let w = -41 + 44. Suppose o = -w*r - 20, -2*o - 4*r = r + 35. What is h(o)?
7
Let x(i) = -8*i - 12. Let u be x(-5). Let c = 31 - u. Let y(v) = v**2 - 2*v + 2. Determine y(c).
5
Let s(a) = -a**3 - 11*a**2 + 12*a + 8. Let y be s(-12). Let r(z) = -z**3 + z - 13 - z**2 + y - 9. Give r(0).
-14
Let o(m) be the third derivative of -m**5/30 - m**4/4 - m**3/3 - m**2 + 4*m. Suppose 0 = -4*n + 7 + 1. Let i = -2 - n. Determine o(i).
-10
Suppose m + 5*f + 4 = 0, 0 = -m + 5*f - 2*f + 12. Let v(t) = -2*t. Let p(b) = 13*b - 2. Let u(a) = -2*p(a) - 14*v(a). Calculate u(m).
16
Let v(f) be the second derivative of f**4/12 - 7*f**3/3 - 8*f**2 - 70*f. Give v(15).
-1
Let x = 32 - 30. Let w(s) = -1155*s**x + 2*s - 3*s + 1156*s**2 - 3. Give w(3).
3
Let g(d) = 2778*d**3 + 4 - 5558*d**3 + 2779*d**3 + 2*d**2. Calculate g(2).
4
Let h(z) = z**3 + 10*z**2 + 11*z + 5. Suppose 14 = -u + j - 0*j, 5*j = -u + 16. Determine h(u).
-13
Suppose 5*i - t + 127 = 110, -3*i - 5*t = -1. Let h = -5 - -3. Let q = i - h. Let a(g) = 2*g + 1. Calculate a(q).
-1
Suppose -10*w + 4*z + 40 = -14*w, 4*w + 3*z = -35. Let q(v) = -v**3 + v**2 + 1. Let i(d) = 6*d**3 - 9*d**2 - 9. Let f(j) = w*q(j) - i(j). Calculate f(4).
4
Let f(y) = y + 8. Suppose 0 = -121*q + 117*q - 16. What is f(q)?
4
Suppose 4*d - 11 = 5. Let g(u) = 2 + 6 + 2*u**2 - 7 - 6*u. Calculate g(d).
9
Let p(x) = -x**2 + x - 6. Suppose -4*v + 9 + 1 = -5*l, 0 = -v. Let g be 0 - (l + 5 + -3). Calculate p(g).
-6
Let c(z) be the third derivative of 1/6*z**3 + 0 - 1/24*z**4 + 0*z - 5*z**2. What is c(1)?
0
Let j(z) be the first derivative of -z**3/6 + 2*z**2 - 22*z - 5. Let r(w) be the first derivative of j(w). Calculate r(6).
-2
Let z(f) = -2*f + 3 + 2*f**2 + 3*f + f**3 - 3*f. Suppose 7*o = -d + 4*o + 18, -4*o - 4 = -d. Let m = 9 - d. What is z(m)?
0
Let s(q) be the first derivative of -1/3*q**3 + 1/2*q**2 - 22 + q. Calculate s(2).
-1
Let r = 1410 + -1412. Let j(b) be the first derivative of -2*b**3/3 + b**2 + b + 2. Give j(r).
-11
Let k(b) be the second derivative of 2*b + b**2 + 0 + 1/6*b**3. Suppose 4*c + 8 - 46 = -5*h, 4 = -h + 5*c. What is k(h)?
8
Let m be (-12 - -16) + -3*1. Let h be (1 - -2)*(-68)/(-6). Let n(z) = -22*z + m + h*z - 17*z. Give n(1).
-4
Let b(d) = -d**2 - 10*d - 15. Let g be b(-6). Let j(p) = 15*p - g*p - 10*p. Give j(-4).
16
Let u = -3049 + 3045. Let k(y) = y. Let d(b) = b**3 + 5*b**2 + 2*b + 5. Let o(a) = -d(a) - 4*k(a). Determine o(u).
3
Let l(o) be the third derivative of o**6/120 - o**5/60 + o**4/8 - o**3/3 - 187*o**2. What is l(3)?
25
Let r(y) = 11*y - 10. Let k(o) = -16*o + 15. Let p(t) = -5*k(t) - 7*r(t). Let n(q) = 2*q**2 - 504*q - 1011. Let a be n(-2). Determine p(a).
10
Let h = 338 - 340. Let v(z) = 5*z + 2. Give v(h).
-8
Let d be 15/(-2) + 4/8. Let n(s) = -s + 8. Let r(i) = -2*i + 24. Let y(u) = 8*n(u) - 3*r(u). Give y(d).
6
Suppose -2*o + 3 - 5 = -b, -2*b = -4. Suppose o = 5*s - 19 + 4. Let f(c) = -3*c**3 + 0*c**2 + 2*c**3 + 3*c**2 + 2*c - 1. What is f(s)?
5
Let p(n) = 9 - 19 - 7*n**2 + 9 - n. Let i = 72 + -73. Give p(i).
-7
Let s(l) = 7*l + 7. Suppose -2*q + 7*q + 20 = 0. Let p(v) = 13*v + 13. Let f(r) = q*p(r) + 7*s(r). Let z(d) = -3*d. Let a be z(1). What is f(a)?
6
Let g(c) = -c**3 + 6*c**2 + 6. Let w be g(6). Let b(f) = -174*f + 94*f + 72*f + f**2 - 2. Determine b(w).
-14
Let h(u) be the second derivative of u**6/120 - u**5/10 + u**4/6 + u**3/6 - 5*u**2/2 - 8*u. Let i(d) be the first derivative of h(d). Give i(5).
-4
Let l(a) = -2*a + 2. Let r(p) = -6*p - 4. Let h(n) = 11*n + 6. Let s(y) = 3*h(y) + 5*r(y). Let g(o) = 3*l(o) + 4*s(o). What is g(4)?
22
Let u(y) = -y**2 + 3*y + 3. Let s(a) = -a**3 + 15. Let n be s(0). Let p = n + -11. Suppose -3*d - 13 = -5*c + 13, -p*c + d = -18. What is u(c)?
-1
Let n(x) be the third derivative of -x**5/60 - x**4/3 + 11*x**3/6 + 46*x**2 - 1. Calculate n(-9).
2
Suppose 0 = 4*f + 5*q - 19, 12 = -3*q - 3. Let o(w) = -2*w + 18. Calculate o(f).
-4
Let o be -1*(-7 + 10 - 0). Let p(z) = z**3 + 3*z**2 + z + 3. Calculate p(o).
0
Let r(x) = -8*x**2 - 8*x + 1. Let b(t) = -9*t**2 - 9*t. Let w(o) = 6*b(o) - 7*r(o). Give w(-3).
5
Let o(l) be the third derivative of -l**5/60 - l**4/3 - 4*l**3/3 - 101*l**2 - l. Suppose -3*i - 10 = 11. Give o(i).
-1
Let u(w) = -w**3 - 11*w**2 - 8*w + 1. Let k be u(-10). Let f = -18 - k. Let m(l) = 14*l - 2*l**3 - 7*l - f + l**3 + 7*l**2 + 2*l**3. Give m(-6).
-7
Let y(p) = p - 4. Let z be y(4). Let m(r) = -r**3 + 12*r**2 - 3*r + 38. Let v be m(12). Let b(q) = -3*q - 6*q - 4 + z*q**v - 3 - q**2. Determine b(-6).
11
Suppose 0 = b - o - 6, -5*o - 22 = 4*b - b. Let u(w) = -b - 4*w**3 + w**2 + 0*w + 0*w. Let t = -90011 + 90010. Give u(t).
4
Let q(w) = -9*w - 45. Let v be q(-5). Let m(l) = -4*l**2 - 7*l**2 + 10*l**2. Determine m(v).
0
Let j(g) = 4*g - 3. Let o(a) = -3*a + 27. Let l be o(7). Suppose 0 = l*x - 4*x - 8. Give j(x).
13
Let z(u) = u**3 + 3*u**2 - 6*u - 11. Let m(q) = -26*q - 160. Let p be m(-6). Give z(p).
-3
Suppose 3*v - r = 7 + 15, -v - 5*r + 2 = 0. Let g be (-78)/(-21) + 2/v. Suppose -4*k + g = -16. Let d(w) = w**3 - 6*w**2 + 3*w + 1. Give d(k).
-9
Let c(m) = -3 - 3*m + m - 5. Suppose 2*g = -437*a + 439*a - 22, 0 = -4*a - 5*g - 1. Determine c(a).
-20
Suppose 0 = p - 4*k - 15, -4*p - 5 = -3*p + k. Let m(f) be the third derivative of 3*f**4/8 + 3*f**2. Give m(p).
-9
Let s(c) = -c**2 + 16*c - 27. Suppose 7 = -h - 5*m + 26, 0 = -4*h + m + 55. Give s(h).
1
Suppose 23*y - 2*d = 27*y - 12, 2*d - 6 = -2*y. Let g(c) = -1 - 2*c + 1. What is g(y)?
-6
Let y(a) = -5*a + 18. Let l(h) = -6*h + 21. Let x(i) = 4*l(i) - 5*y(i). Let b(n) = -n**3 + 3*n**2. Let m be b(2). Calculate x(m).
-2
Let n = -64 - -75. Let z(b) = 5 - 3*b**2 + 15*b + 13*b**2 - 17*b - n*b**2. What is z(-4)?
-3
Suppose -506*h + 119 = -523*h. Let m(y) = 2*y**3 + 23*y**2 + 14*y + 6. Let r(u) = u**3 + 12*u**2 + 7*u + 3. Let z(i) = -4*m(i) + 7*r(i). Determine z(h).
-3
Let v be ((-36)/(-48))/(6/16). Suppose -v = -b - 9. Let o(w) = 2*w + 9. Give o(b).
-5
Let x be ((-3)/((-6)/4))/((-5)/30). Let g be x/(-4)*-3*12/(-27). Let u(q) = -3*q + 4. Give u(g).
-8
Suppose -2*u = -2*p - 2, -u = -4*u - 5*p + 19. Let d be (12/9)/((-1)/u). Let c(k) = k - 1. Determine c(d).
-5
Let h(s) = 7*s + 13. Let f(d) be the first derivative of -3*d**2/2 - 7*d + 12. Let b(r) = -5*f(r) - 2*h(r). Determine b(0).
9
Let p(o) = -o**3 - 7*o**2. Let d = -116 + 109. Determine p(d).
0
Let y(l) be the second derivative of l**4/12 - 11*l**3/6 + 7*l**2 - 27*l. Determine y(10).
4
Let d be 4/(-2)*(-3 - -5). Let r = 1 + d. Let n(z) = 11 - z - 31 + 9 + 10 + 3. Determine n(r).
5
Let m(y) = 19*y**2 - 19*y - 11. Let p(u) = 23*u**2 - 20*u - 12. Let r(f) = -6*m(f) + 5*p(f). Determine r(-14).
6
Let i(v) = 3*v**3 - 21*v**2 + 7*v + 7. Suppose 6 = 8*p + 22. Let j(s) = s**3 - 7*s**2 + 2*s + 2. Let z(k) = p*i(k) + 7*j(k). Give z(7).
0
Let u(i) = i + 6. Let l = 2 - 6. Let p(c) = c**3 + 5*c**2 + 7*c + 7. Let m be p(l). Calculate u(m).
1
Let y(f) be the second derivative of f**5/20 + f**4/3 - f**3 - 3*f**2/2 - 2*f. Suppose -6*c - 16 - 14 = 0. Give y(c).
2
Let a(r) = r**2 - 5*r + 3. Let z(c) = -5*c**2 + 25*c - 15. Let i(u) = 11*a(u) + 2*z(u). Let v = 5 - 3. Give i(v).
-3
Let k(j) be the first derivative of -j**4/4 - 5*j**3/3 - 7*j**2/2 - 10*j + 980. Give k(-4).
2
Suppose 0 = -k + 2*n + 7, k = 3*n + 8 + 4. Let s(h) be the third derivative of h**4/12 - h**3/2 + h**2. Calculate s(k).
-9
Suppose -39*x - 84 = -3*x + 60. Let r(z) = -3 + 0 + 3*z + 5. Give r(x).
-10
Let w(d) = d + 3. Let s = -3 + 6. Suppose -3*l = -2*l + s. Let a(f) = -4. Let m(q) = l*w(q) - 2*a(q). Give m(1).
-4
Let c(z